{"id":1337,"date":"2015-06-08T16:47:28","date_gmt":"2015-06-08T14:47:28","guid":{"rendered":"http:\/\/clubbasquetbegues.apps-1and1.net\/?page_id=1337"},"modified":"2021-07-13T00:10:17","modified_gmt":"2021-07-12T22:10:17","slug":"documents","status":"publish","type":"page","link":"https:\/\/basquetbegues.cat\/?page_id=1337","title":{"rendered":"Documents"},"content":{"rendered":"<p><strong>Documents Temporada 2021- 2022:<\/strong><\/p>\n<ul>\n<li>Sol\u00b7licitud de Llic\u00e8ncia Temporada 2021 &#8211; 2022 (<a href=\"https:\/\/basquetbegues.cat\/wp-content\/uploads\/2021\/07\/solicitudLlicenciaNew.pdf\" target=\"_blank\" rel=\"noopener noreferrer\">Descarregar document<\/a>)<\/li>\n<li>Full d&#8217;inscripci\u00f3 nou soci CBB (<a href=\"https:\/\/basquetbegues.cat\/wp-content\/uploads\/2018\/09\/inscripci\u00f3-nou-soci-CBBegues_v2.pdf\" target=\"_blank\" rel=\"noopener noreferrer\">Descarregar document<\/a>)<\/li>\n<li>Normativa interna CBB (<a href=\"https:\/\/basquetbegues.cat\/wp-content\/uploads\/2015\/06\/Reglamentaci\u00f3-interna-CBBEGUES-1.4.pdf\" target=\"_blank\" rel=\"noopener noreferrer\">Descarregar document<\/a>)<\/li>\n<\/ul>\n<p><em><strong>Important:<\/strong> A partir de la temporada 2019-2020, les altes de socis i jugadors es realitzaran des de la pr\u00f2pia p\u00e0gina web del club apartat <a href=\"https:\/\/basquetbegues.cat\/altes\/\">Altes.<\/a>&nbsp;<\/em><\/p>\n<p><strong>Documents Certificat M\u00e8dic Esportiu (CME):<\/strong><\/p>\n<ul>\n<li>ANAMNESI + LOPD (<a href=\"https:\/\/basquetbegues.cat\/wp-content\/uploads\/2018\/09\/ANAMNESI-LOPD-CONSENTIMENTO-DE-TRATAMIENTO-DE-DATOS-DE-SALUD-UE-2016-679.pdf\" target=\"_blank\" rel=\"noopener noreferrer\">Descarregar document<\/a>)<\/li>\n<li>CME: Nascuts l\u2019any 2005 i anteriors (<a href=\"https:\/\/www.basquetcatala.cat\/document\/getdocument\/2095\/Certificat%20M%C3%A8dic%20Esportiu%20(CME),%20nascuts%20l'any%202005%20i%20anteriors%20(Temporada%202021-22)..pdf\" target=\"_blank\" rel=\"noopener noreferrer\">Descarregar document<\/a>)<\/li>\n<li>CME: Nascuts l\u2019any 2006 i posteriors (<a href=\"https:\/\/www.basquetcatala.cat\/document\/getdocument\/2094\/Certificat%20M%C3%A8dic%20Esportiu%20(CME)%20%20nascuts%20l'any%202006%20i%20posteriors%20(Temporada%202021-22)..pdf\" target=\"_blank\" rel=\"noopener noreferrer\">Descarregar document<\/a>)<\/li>\n<\/ul>\n<p>Ser\u00e0 necessari portat aquests documents al dia assignat per la revisi\u00f3 m\u00e8dica del club, el primer document s&#8217;ha d&#8217;omplir i entregar al metge, el CME s&#8217;ha d&#8217;escollir depenen de l&#8217;edat del jugador\/a. En el cas de fer la revisi\u00f3 m\u00e8dica per un altre banda, &nbsp;el metge haur\u00e0 d&#8217;omplir el document de la federaci\u00f3 catalana de b\u00e0squet.<\/p>\n<p><strong><a href=\"https:\/\/basquetbegues.cat\/wp-content\/uploads\/2015\/06\/cartellpavellopetit.jpg\"><img loading=\"lazy\" decoding=\"async\" class=\"wp-image-1479 aligncenter\" src=\"https:\/\/basquetbegues.cat\/wp-content\/uploads\/2015\/06\/cartellpavellopetit-300x130.jpg\" alt=\"cartellpavellopetit\" width=\"460\" height=\"200\" srcset=\"https:\/\/basquetbegues.cat\/wp-content\/uploads\/2015\/06\/cartellpavellopetit-300x130.jpg 300w, https:\/\/basquetbegues.cat\/wp-content\/uploads\/2015\/06\/cartellpavellopetit-1024x443.jpg 1024w, https:\/\/basquetbegues.cat\/wp-content\/uploads\/2015\/06\/cartellpavellopetit-912x395.jpg 912w, https:\/\/basquetbegues.cat\/wp-content\/uploads\/2015\/06\/cartellpavellopetit.jpg 1051w\" sizes=\"(max-width: 460px) 100vw, 460px\" \/><\/a><\/strong><\/p>\n<p><strong>Fes-te Soci\/a!<\/strong><\/p>\n<p>Ja us podeu descargar el document per fer-vos socis del Club de B\u00e0squet Begues. Col\u00b7labora amb nosaltres per nom\u00e9s 50\u20ac anuals, <strong>FES-TE SOCI!<\/strong>&nbsp;Omple el document i envia&#8217;l al e-mail del club (basquetbegues@gmail.com)<\/p>\n<p>Document:&nbsp;<a href=\"https:\/\/basquetbegues.cat\/wp-content\/uploads\/2015\/06\/inscripci\u00f3-nou-soci-CBBegues11.pdf\" target=\"_blank\" rel=\"noopener noreferrer\">inscripci\u00f3 nou soci CBBegues<\/a><\/p>\n<p><strong>Altres documents:<\/strong><\/p>\n<ul>\n<li>Autoritzaci\u00f3 dels&nbsp;nens\/es per tornar sols a casa despr\u00e9s dels entrenaments o activitats dirigides pel Club de B\u00e0squet Begues, com pot ser Casal d&#8217;Estiu o Campus de Tecnificaci\u00f3 (<a href=\"https:\/\/basquetbegues.cat\/wp-content\/uploads\/2015\/06\/FICHA-SOL@-A-CASA.pdf\">Descargar document<\/a>)<\/li>\n<\/ul>\n<p><strong>CAMPUS ESTIU 2019<\/strong><\/p>\n<p>Descarregat el tr\u00edptic informatiu i la butlleta d&#8217;inscripci\u00f3 <a href=\"https:\/\/basquetbegues.cat\/wp-content\/uploads\/2018\/05\/DIPTICCAMPUSBASKET2019.pdf\" target=\"_blank\" rel=\"noopener noreferrer\">aqu\u00ed<\/a>!<\/p>\n","protected":false},"excerpt":{"rendered":"<p>Documents Temporada 2021- 2022: Sol\u00b7licitud de Llic\u00e8ncia Temporada 2021 &#8211; 2022 (Descarregar document) Full d&#8217;inscripci\u00f3 nou soci CBB (Descarregar document) Normativa interna CBB (Descarregar document) Important: A partir de la temporada 2019-2020, les altes de socis i jugadors es realitzaran des de la pr\u00f2pia p\u00e0gina web del club apartat Altes.&nbsp; Documents Certificat M\u00e8dic Esportiu (CME): [&hellip;]<\/p>\n","protected":false},"author":1,"featured_media":0,"parent":0,"menu_order":4,"comment_status":"closed","ping_status":"closed","template":"","meta":{"_mi_skip_tracking":false,"ngg_post_thumbnail":0,"footnotes":""},"yoast_head":"<!-- This site is optimized with the Yoast SEO plugin v18.3 - https:\/\/yoast.com\/wordpress\/plugins\/seo\/ -->\n<title>Documents - Club Basquet Begues<\/title>\n<meta name=\"robots\" content=\"index, follow, max-snippet:-1, max-image-preview:large, max-video-preview:-1\" \/>\n<link rel=\"canonical\" href=\"https:\/\/basquetbegues.cat\/?page_id=1337\" \/>\n<meta property=\"og:locale\" content=\"es_ES\" \/>\n<meta property=\"og:type\" content=\"article\" \/>\n<meta property=\"og:title\" content=\"Documents - Club Basquet Begues\" \/>\n<meta property=\"og:description\" content=\"Documents Temporada 2021- 2022: Sol\u00b7licitud de Llic\u00e8ncia Temporada 2021 &#8211; 2022 (Descarregar document) Full d&#8217;inscripci\u00f3 nou soci CBB (Descarregar document) Normativa interna CBB (Descarregar document) Important: A partir de la temporada 2019-2020, les altes de socis i jugadors es realitzaran des de la pr\u00f2pia p\u00e0gina web del club apartat Altes.&nbsp; Documents Certificat M\u00e8dic Esportiu (CME): [&hellip;]\" \/>\n<meta property=\"og:url\" content=\"https:\/\/basquetbegues.cat\/?page_id=1337\" \/>\n<meta property=\"og:site_name\" content=\"Club Basquet Begues\" \/>\n<meta property=\"article:modified_time\" content=\"2021-07-12T22:10:17+00:00\" \/>\n<meta property=\"og:image\" content=\"https:\/\/basquetbegues.cat\/wp-content\/uploads\/2015\/06\/cartellpavellopetit-300x130.jpg\" \/>\n<meta name=\"twitter:card\" content=\"summary_large_image\" \/>\n<meta name=\"twitter:label1\" content=\"Tiempo de lectura\" \/>\n\t<meta name=\"twitter:data1\" content=\"2 minutos\" \/>\n<script type=\"application\/ld+json\" class=\"yoast-schema-graph\">{\"@context\":\"https:\/\/schema.org\",\"@graph\":[{\"@type\":\"Organization\",\"@id\":\"https:\/\/basquetbegues.cat\/#organization\",\"name\":\"Club Basquet Begues\",\"url\":\"https:\/\/basquetbegues.cat\/\",\"sameAs\":[],\"logo\":{\"@type\":\"ImageObject\",\"@id\":\"https:\/\/basquetbegues.cat\/#logo\",\"inLanguage\":\"es\",\"url\":\"https:\/\/basquetbegues.cat\/wp-content\/uploads\/2019\/07\/cropped-imatge-capcelera.png\",\"contentUrl\":\"https:\/\/basquetbegues.cat\/wp-content\/uploads\/2019\/07\/cropped-imatge-capcelera.png\",\"width\":960,\"height\":736,\"caption\":\"Club Basquet Begues\"},\"image\":{\"@id\":\"https:\/\/basquetbegues.cat\/#logo\"}},{\"@type\":\"WebSite\",\"@id\":\"https:\/\/basquetbegues.cat\/#website\",\"url\":\"https:\/\/basquetbegues.cat\/\",\"name\":\"Club Basquet Begues\",\"description\":\"La suma de tots \u00e9s m\u00e9s que molts.\",\"publisher\":{\"@id\":\"https:\/\/basquetbegues.cat\/#organization\"},\"potentialAction\":[{\"@type\":\"SearchAction\",\"target\":{\"@type\":\"EntryPoint\",\"urlTemplate\":\"https:\/\/basquetbegues.cat\/?s={search_term_string}\"},\"query-input\":\"required name=search_term_string\"}],\"inLanguage\":\"es\"},{\"@type\":\"ImageObject\",\"@id\":\"https:\/\/basquetbegues.cat\/?page_id=1337#primaryimage\",\"inLanguage\":\"es\",\"url\":\"https:\/\/basquetbegues.cat\/wp-content\/uploads\/2015\/06\/cartellpavellopetit.jpg\",\"contentUrl\":\"https:\/\/basquetbegues.cat\/wp-content\/uploads\/2015\/06\/cartellpavellopetit.jpg\",\"width\":1051,\"height\":455},{\"@type\":\"WebPage\",\"@id\":\"https:\/\/basquetbegues.cat\/?page_id=1337#webpage\",\"url\":\"https:\/\/basquetbegues.cat\/?page_id=1337\",\"name\":\"Documents - Club Basquet Begues\",\"isPartOf\":{\"@id\":\"https:\/\/basquetbegues.cat\/#website\"},\"primaryImageOfPage\":{\"@id\":\"https:\/\/basquetbegues.cat\/?page_id=1337#primaryimage\"},\"datePublished\":\"2015-06-08T14:47:28+00:00\",\"dateModified\":\"2021-07-12T22:10:17+00:00\",\"breadcrumb\":{\"@id\":\"https:\/\/basquetbegues.cat\/?page_id=1337#breadcrumb\"},\"inLanguage\":\"es\",\"potentialAction\":[{\"@type\":\"ReadAction\",\"target\":[\"https:\/\/basquetbegues.cat\/?page_id=1337\"]}]},{\"@type\":\"BreadcrumbList\",\"@id\":\"https:\/\/basquetbegues.cat\/?page_id=1337#breadcrumb\",\"itemListElement\":[{\"@type\":\"ListItem\",\"position\":1,\"name\":\"Inici\",\"item\":\"https:\/\/basquetbegues.cat\/\"},{\"@type\":\"ListItem\",\"position\":2,\"name\":\"Documents\"}]}]}<\/script>\n<!-- \/ Yoast SEO plugin. -->","yoast_head_json":{"title":"Documents - Club Basquet Begues","robots":{"index":"index","follow":"follow","max-snippet":"max-snippet:-1","max-image-preview":"max-image-preview:large","max-video-preview":"max-video-preview:-1"},"canonical":"https:\/\/basquetbegues.cat\/?page_id=1337","og_locale":"es_ES","og_type":"article","og_title":"Documents - Club Basquet Begues","og_description":"Documents Temporada 2021- 2022: Sol\u00b7licitud de Llic\u00e8ncia Temporada 2021 &#8211; 2022 (Descarregar document) Full d&#8217;inscripci\u00f3 nou soci CBB (Descarregar document) Normativa interna CBB (Descarregar document) Important: A partir de la temporada 2019-2020, les altes de socis i jugadors es realitzaran des de la pr\u00f2pia p\u00e0gina web del club apartat Altes.&nbsp; Documents Certificat M\u00e8dic Esportiu (CME): [&hellip;]","og_url":"https:\/\/basquetbegues.cat\/?page_id=1337","og_site_name":"Club Basquet Begues","article_modified_time":"2021-07-12T22:10:17+00:00","og_image":[{"url":"https:\/\/basquetbegues.cat\/wp-content\/uploads\/2015\/06\/cartellpavellopetit-300x130.jpg"}],"twitter_card":"summary_large_image","twitter_misc":{"Tiempo de lectura":"2 minutos"},"schema":{"@context":"https:\/\/schema.org","@graph":[{"@type":"Organization","@id":"https:\/\/basquetbegues.cat\/#organization","name":"Club Basquet Begues","url":"https:\/\/basquetbegues.cat\/","sameAs":[],"logo":{"@type":"ImageObject","@id":"https:\/\/basquetbegues.cat\/#logo","inLanguage":"es","url":"https:\/\/basquetbegues.cat\/wp-content\/uploads\/2019\/07\/cropped-imatge-capcelera.png","contentUrl":"https:\/\/basquetbegues.cat\/wp-content\/uploads\/2019\/07\/cropped-imatge-capcelera.png","width":960,"height":736,"caption":"Club Basquet Begues"},"image":{"@id":"https:\/\/basquetbegues.cat\/#logo"}},{"@type":"WebSite","@id":"https:\/\/basquetbegues.cat\/#website","url":"https:\/\/basquetbegues.cat\/","name":"Club Basquet Begues","description":"La suma de tots \u00e9s m\u00e9s que molts.","publisher":{"@id":"https:\/\/basquetbegues.cat\/#organization"},"potentialAction":[{"@type":"SearchAction","target":{"@type":"EntryPoint","urlTemplate":"https:\/\/basquetbegues.cat\/?s={search_term_string}"},"query-input":"required name=search_term_string"}],"inLanguage":"es"},{"@type":"ImageObject","@id":"https:\/\/basquetbegues.cat\/?page_id=1337#primaryimage","inLanguage":"es","url":"https:\/\/basquetbegues.cat\/wp-content\/uploads\/2015\/06\/cartellpavellopetit.jpg","contentUrl":"https:\/\/basquetbegues.cat\/wp-content\/uploads\/2015\/06\/cartellpavellopetit.jpg","width":1051,"height":455},{"@type":"WebPage","@id":"https:\/\/basquetbegues.cat\/?page_id=1337#webpage","url":"https:\/\/basquetbegues.cat\/?page_id=1337","name":"Documents - Club Basquet Begues","isPartOf":{"@id":"https:\/\/basquetbegues.cat\/#website"},"primaryImageOfPage":{"@id":"https:\/\/basquetbegues.cat\/?page_id=1337#primaryimage"},"datePublished":"2015-06-08T14:47:28+00:00","dateModified":"2021-07-12T22:10:17+00:00","breadcrumb":{"@id":"https:\/\/basquetbegues.cat\/?page_id=1337#breadcrumb"},"inLanguage":"es","potentialAction":[{"@type":"ReadAction","target":["https:\/\/basquetbegues.cat\/?page_id=1337"]}]},{"@type":"BreadcrumbList","@id":"https:\/\/basquetbegues.cat\/?page_id=1337#breadcrumb","itemListElement":[{"@type":"ListItem","position":1,"name":"Inici","item":"https:\/\/basquetbegues.cat\/"},{"@type":"ListItem","position":2,"name":"Documents"}]}]}},"_links":{"self":[{"href":"https:\/\/basquetbegues.cat\/index.php?rest_route=\/wp\/v2\/pages\/1337"}],"collection":[{"href":"https:\/\/basquetbegues.cat\/index.php?rest_route=\/wp\/v2\/pages"}],"about":[{"href":"https:\/\/basquetbegues.cat\/index.php?rest_route=\/wp\/v2\/types\/page"}],"author":[{"embeddable":true,"href":"https:\/\/basquetbegues.cat\/index.php?rest_route=\/wp\/v2\/users\/1"}],"replies":[{"embeddable":true,"href":"https:\/\/basquetbegues.cat\/index.php?rest_route=%2Fwp%2Fv2%2Fcomments&post=1337"}],"version-history":[{"count":95,"href":"https:\/\/basquetbegues.cat\/index.php?rest_route=\/wp\/v2\/pages\/1337\/revisions"}],"predecessor-version":[{"id":10516,"href":"https:\/\/basquetbegues.cat\/index.php?rest_route=\/wp\/v2\/pages\/1337\/revisions\/10516"}],"wp:attachment":[{"href":"https:\/\/basquetbegues.cat\/index.php?rest_route=%2Fwp%2Fv2%2Fmedia&parent=1337"}],"curies":[{"name":"wp","href":"https:\/\/api.w.org\/{rel}","templated":true}]}}